 be the third derivative of 0*r - r**3 + 1/6*r**4 + 1/360*r**6 - 6*r**2 + 0 + 1/24*r**5. Let q(a) be the first derivative of j(a). Determine q(-3).
-2
Let c(x) be the second derivative of -x**5/60 - 7*x**4/24 - 7*x**3/6 - 7*x**2/2 - 14*x. Let d(a) be the first derivative of c(a). Calculate d(-6).
-1
Let z(m) = m**2 - 6*m + 6. Suppose -3*r + 12 = -4*r - 4*y, -2*r + 4 = y. Determine z(r).
-2
Let k(z) be the first derivative of -z**6/360 - z**5/30 + z**4/12 - 10*z**3/3 - 9. Let t(r) be the third derivative of k(r). Give t(-4).
2
Let q(x) = x - 1. Let j(u) = -12*u + 5. Let c be j(-1). Suppose -7 = -10*k + c*k. Determine q(k).
-2
Let c(x) = -x**3 - 2*x**2 + 2*x. Let d be c(-2). Let i(p) be the first derivative of -2*p**3/3 - 2*p**2 - p - 63. Determine i(d).
-17
Let h(z) = -2*z**2 - 5*z - 3. Let k = -12 + 15. Suppose -1 = -2*x - k*p, -2*x - 2*x = 5*p + 1. Calculate h(x).
-15
Let i(h) be the first derivative of -2*h**2 - 1/4*h**4 - 5 + 4/3*h**3 + h. Determine i(3).
-2
Let i(w) = -1 - 404*w**3 + 7*w**2 + 3*w + 403*w**3 + 3*w. Determine i(8).
-17
Let u = 51 + -45. Let g(j) = 4*j + 5*j - u*j + 4*j + 10 - j**2. What is g(8)?
2
Suppose 6*z + 28 = 10*z. Let j be 3 - 7/(z/(-2)) - 2. Let o(d) = -11*d + 1. Let q(g) = g. Let t(s) = -o(s) - 6*q(s). Determine t(j).
14
Let l(p) = 2*p. Let o(q) = -2*q - 3. Let a(n) = -6*l(n) + o(n). What is a(-2)?
25
Let z(s) = s. Let c = 661 - 661. Calculate z(c).
0
Let c(q) = -2*q**2 - 2*q + 2. Let y be (6/4)/(4/8). Let d(m) = -m**3 + 3*m**2 + 2*m - 4. Let r be d(y). Give c(r).
-10
Suppose v = -0 - 1. Let h(d) = 4365*d - 1094*d - 1094*d - 1088*d + d**2 + 1 - 1087*d. Calculate h(v).
0
Let b(s) = -5*s**2 + 6*s - 9. Let a be ((-1)/3)/((-8)/144). Let o(q) = -4*q**2 + 5*q - 8. Let p(t) = a*o(t) - 5*b(t). What is p(0)?
-3
Suppose 2*f = -2, -7*b + 4*f - 7 = -6*b. Let t(h) = h**3 + 11*h**2 + 9. What is t(b)?
9
Let y(d) = 7*d**2 - 3*d - 6. Let t(q) = 8*q**2 - 4*q - 5. Let r(b) = 6*t(b) - 7*y(b). Give r(-5).
2
Let h(s) be the first derivative of -s**3/3 + 3*s**2 - 7*s - 9. Let w be h(3). Let t(a) = -2*a**3 + 0*a**w + 2 - a**2 + 3*a + a**3 + 0. What is t(-2)?
0
Let r(h) = -4*h + 4210 + 0*h - 4215. What is r(-6)?
19
Suppose 5 = 7*x - 16. Let a(k) = -x + 2 + k + 3. Determine a(5).
7
Let f(i) be the first derivative of i**3/3 - 2*i**2 - 6*i - 633. Let a be (-2)/(-3) - 38/(-6). What is f(a)?
15
Let a(t) = t**2 - 7*t + 4. Let n(b) = -b**3 + 3*b**2 - 2*b + 2. Let q be n(2). Suppose -q*c + 8 = -32. Suppose 4*j = -j + c. Determine a(j).
-8
Let z(j) = -3*j**2 + j - 3*j**3 + 4 - j**3 - j**3 - 3*j**3 + 7*j**3. Determine z(-4).
16
Let v(p) = 3*p - 2*p - 5*p + 21 + p**2 - 5 - 5*p. Give v(7).
2
Let u(h) be the second derivative of 7*h**3/6 - h**2 + 5*h. Let a(r) = 0 + 2 - 3*r - 1. Let k(y) = -10*a(y) - 4*u(y). What is k(-2)?
-6
Suppose 4*o = 0, 3*b + 0*o + 18 = -5*o. Let a(u) = u - 1. Let i(d) = 27*d + 6 - 51*d + 23*d. Let h(x) = 2*a(x) + i(x). Give h(b).
-2
Let s(x) = -x**3 - 11*x**2 - 11*x - 2. Let m(o) be the first derivative of o**4/4 + o**3/3 - 5*o**2 - 2*o + 24. Let c be m(-4). Give s(c).
8
Let g(b) be the third derivative of 3/8*b**4 - 1/120*b**6 + 4*b**2 + 0 + 0*b - 1/12*b**5 + 5/6*b**3. Give g(-6).
-13
Suppose 0 = -4*d - 2 - 6. Let l(s) = -68*s**2 + 25*s**2 + 2 - 2*s + 42*s**2. Determine l(d).
2
Suppose -24 = -5*n + n. Let z(b) be the third derivative of -b**5/60 + 7*b**4/24 + 7*b**3/6 + 104*b**2. Determine z(n).
13
Let b(l) = 2*l - 7. Let m be b(5). Let r(z) = 2*z - 5*z - 7*z**2 - 6*z**2 + 8*z**2 - z**m - 5. Give r(-4).
-9
Let m = 12 + -10. Suppose 0 = m*r + 3*r. Let f(k) = 12 - 7*k**3 + k + 6*k**3 + k**2 - 2*k**2 + 0*k. Determine f(r).
12
Let m be -7*(2 - 60/21). Let g = -19 + 15. Let n(f) = -2*f + 3. Let q(l) = 2*l - 4. Let j(z) = g*q(z) - 3*n(z). Calculate j(m).
-5
Let o(k) = 2*k - 1. Let b(f) = -2*f**2 + 12*f - 4. Let t(u) = -u**2 + 6*u - 2. Let i(d) = -3*b(d) + 5*t(d). Let g = -567 - -571. Let v be i(g). Determine o(v).
-13
Let j(t) = -t**3 + 5*t**2 - 2*t - 5. Let c be j(4). Let n(z) = 2*z**3 + z**2 - 444*z + 442*z - 3*z**c. What is n(2)?
-8
Let z(b) = b**3 + 6*b**2 + 7*b + 5. Let q be (-1 + -4)*(-24)/60. Suppose 2*y - 12 = -5*k + k, 3*y + q*k = -2. Give z(y).
9
Let v = -7 + 12. Suppose 7 = -v*y - 3. Let q(f) = 1 - 58679*f**3 + 2*f**2 + 0*f + f - 3 + 58681*f**3. What is q(y)?
-12
Let k(b) be the first derivative of b**5/20 + b**4/3 + b**3/2 + b**2 + 30*b + 38. Let c(z) be the first derivative of k(z). Determine c(-4).
-10
Suppose -3*c + 15 - 3 = 0. Let k(x) = 5 - x + 5 + c - 7. What is k(5)?
2
Let w(r) = -2*r - 1. Let a be (2/1)/((-438)/111 - -4). Suppose 4*s - 5*c = -40, -s - 4*s + 3*c = a. Give w(s).
9
Let p(f) be the second derivative of -f**4/24 + 2*f**2 - 8*f. Let v(i) be the first derivative of p(i). What is v(-6)?
6
Suppose 44*k - 35*k = -9. Let o(t) = -21*t**3 + 2*t**2 - 1. Calculate o(k).
22
Let i(h) be the third derivative of h**4/4 + h**3/2 - 3*h**2 + 22*h. Calculate i(-4).
-21
Suppose -443*l + 455*l + 84 = 0. Let v(x) = x**3 + 10*x**2 + 24*x + 17. Determine v(l).
-4
Let i be 6/4*(5 + -12 + 5). Let y(x) = 2*x + 3. Give y(i).
-3
Let v(r) = -3*r**3 - 2 - 4*r**2 - 3 - 5*r + 4*r**3. Suppose d + 3 = 32. Let k = -24 + d. Determine v(k).
-5
Let t(z) = -12*z + 26. Let o(v) = -17*v + 27. Let d(u) = -2*o(u) + 3*t(u). Give d(10).
4
Let d(t) = t**3 - 9*t**2 - 4*t + 4. Let s(m) = 2*m**3 - 16*m**2 - 8*m + 9. Let l(o) = -5*d(o) + 3*s(o). Give l(5).
37
Let x(s) = -14*s + s**3 - 3*s**2 + 7*s + 10*s**2 + s**2 + 9. Let y be x(-9). Let j(l) be the first derivative of -l**2/2 - 13*l + 1. What is j(y)?
-4
Let b be 153/21 + (-58)/203. Let k(m) = -3*m - 12. What is k(b)?
-33
Let m(r) = -r**3 + 2*r**2 + 2*r + 1. Let i = 18 + -13. Let n be 9*(3/9 + 0). Suppose 0 - i = v - l, 5*v - 7 = -n*l. Calculate m(v).
2
Let p(k) = -k**2 - 4*k + 6. Let a be p(-3). Let x be 16/9 - 2/(-9). Suppose a = -d + 2*d + u, u + 6 = x*d. Let m(c) = -c + 1. Determine m(d).
-4
Let f be (-3)/(3 + 12/(-3)). Suppose 0 = 9*a - f*a. Let p(x) = x - 13. Determine p(a).
-13
Let q(x) = -9*x + 97*x**2 - 98*x**2 - 1 - 7. Calculate q(-8).
0
Let w(i) = 10*i**3 + i**2 - i. Suppose 3*c = -5*l + 6 + 8, 5*l + 10 = 5*c. Give w(l).
10
Suppose -529*w + 433*w - 480 = 0. Let d(h) = 6 + 3*h - h + 6*h. Determine d(w).
-34
Let j(f) = f**2 - 5*f - 7. Suppose 4*v = -3*h + 10, 5*h + v = 5*v + 38. Calculate j(h).
-1
Let w(g) be the second derivative of g**4/12 + g**3 + 5*g**2/2 + g. Let f be (-94)/(-10) - (-22)/(-55). Let l = f + -15. Determine w(l).
5
Let m be (-15)/(-10) + -1 - (-1)/2. Let k(p) = 2*p**2 - 2*p. What is k(m)?
0
Let q(v) be the third derivative of 2*v**2 - 1/24*v**4 + 0*v + 0 + 3/2*v**3. What is q(8)?
1
Let r(a) = -3 + 4 - 1 + 2*a. Let c = 9 - 9. Let f = c + -1. What is r(f)?
-2
Suppose 3*f - 3*s = 15, 3*f + s = 5*s + 13. Let u(k) = -4*k + 10. Determine u(f).
-18
Let s = 66 - 58. Let z(p) = -1 - 6 + 9 + 7*p**2 - 3 + 7*p - p**3. Calculate z(s).
-9
Let k(s) be the third derivative of s**9/60480 - s**8/5040 - s**7/1680 - s**6/180 + 7*s**5/10 - 31*s**2. Let x(y) be the third derivative of k(y). Give x(5).
6
Suppose 5*k - 5*t = -35, -2*k + t - 11 = 2*t. Let j(b) = -b**3 - 31*b - 11*b - 24 + 49*b - 5*b**2 + 25. Determine j(k).
-5
Let d(t) be the second derivative of t**3 - t**2/2 + 135*t. Calculate d(-3).
-19
Let b(n) = n**3 - 2*n**2 - 5*n + 8. Let l = 1891 + -1887. Give b(l).
20
Let c(o) = o**2 - 9*o. Let t(l) = 4*l**2 + l + 2. Let u be t(-1). Let w(h) = 2*h - 1. Let r be w(u). Determine c(r).
0
Suppose -3*s + 11 = -r - 0*s, -s - 3 = r. Let x(y) = y. Let g(h) = h**2 + h + 7. Let u(j) = -g(j) - 5*x(j). Determine u(r).
-2
Let g(v) be the first derivative of -1/2*v**2 + 0*v**3 + 0*v + 5/4*v**4 - 9. Determine g(1).
4
Let w(z) = -3*z + 35. Let h be w(15). Let y(o) = -o**3 - 9*o**2 + 13*o + 32. Let d be y(h). Let f(u) = u**3 - 4*u**2 + 3*u. What is f(d)?
-2
Let x(n) = -n**3 + 9*n**2 + 12*n - 15. Let f(d) = -d**2 + 56*d + 10. Let v be f(56). Give x(v).
5
Let k(i) = -3*i**2 - i - 1. Let l be 2*1*9/18. Suppose -5*f - l = -3*f + 3*q, 4*q = -3*f. Suppose -3*b - 18 = -f*h, -3*h + 2 = 5*b + h. Determine k(b).
-11
Suppose -4*o + 12 - 4 = 0. Suppose -2*k - o = -2*u, -2*k - u - 14 = -0*k. Let f(h) be the second derivative of h**5/20 + h**4/2 + h**3 + 620*h. Calculate f(k).
-5
Let n(w) be the second derivativ